{"id":984,"date":"2025-01-20T10:59:12","date_gmt":"2025-01-20T08:59:12","guid":{"rendered":"https:\/\/www.hasamaki.fi\/?page_id=984"},"modified":"2026-03-14T18:39:21","modified_gmt":"2026-03-14T16:39:21","slug":"etusivu-2","status":"publish","type":"page","link":"https:\/\/www.hasamaki.fi\/","title":{"rendered":"Tervetuloa Hasalle!"},"content":{"rendered":"\n<figure class=\"wp-block-embed is-type-video is-provider-youtube wp-block-embed-youtube wp-embed-aspect-16-9 wp-has-aspect-ratio\"><div class=\"wp-block-embed__wrapper\">\n<iframe loading=\"lazy\" title=\"Hasamaki talvi\" width=\"1170\" height=\"658\" src=\"https:\/\/www.youtube.com\/embed\/BYSSvCx0T-Y?feature=oembed\" frameborder=\"0\" allow=\"accelerometer; autoplay; clipboard-write; encrypted-media; gyroscope; picture-in-picture; web-share\" referrerpolicy=\"strict-origin-when-cross-origin\" allowfullscreen><\/iframe>\n<\/div><\/figure>\n\n\n\n<p>Hasalla rinteisiin on panostettu niin, ett\u00e4 laskettelun ja talviharrastusten riemua riitt\u00e4\u00e4 jokaiseen makuun aina pitk\u00e4lle kev\u00e4\u00e4seen.<\/p>\n<p>Hasalla sinulla on k\u00e4yt\u00f6ss\u00e4si toistaiseksi 3 rinnett\u00e4 sek\u00e4 harjoittelurinne. Harjoittelu-\/lastenrinne on maksuton.<\/p>\n<p>Hasan rinneravintolassa voit nauttia maukasta ruokaa monipuolisesti: tuhteja ev\u00e4it\u00e4, makeaa purtavaa sek\u00e4 pikkusuolaista takkatulen \u00e4\u00e4rell\u00e4. Tilaisuuksia varten loihdimme tilaisuuteen sopivan menun \u2013 ammattiotteella.<\/p>\n\n\n\n<div class=\"wp-block-columns is-layout-flex wp-container-core-columns-is-layout-1 wp-block-columns-is-layout-flex\">\n<div class=\"wp-block-column is-layout-flow wp-block-column-is-layout-flow\">\n<div class=\"wp-block-cover is-light\" style=\"min-height:115px;aspect-ratio:unset;\"><span aria-hidden=\"true\" class=\"wp-block-cover__background has-pale-cyan-blue-background-color has-background-dim-100 has-background-dim\"><\/span><div class=\"wp-block-cover__inner-container has-global-padding is-layout-constrained wp-block-cover-is-layout-constrained\">\n<p class=\"has-text-align-center has-medium-font-size\"><strong>Kauden viimeinen laskettelup\u00e4iv\u00e4<br \/>sunnuntaina 15.3.<br \/>klo 12-18<\/strong><\/p>\n<\/div><\/div>\n\n\n<\/div>\n\n\n\n<div class=\"wp-block-column is-layout-flow wp-block-column-is-layout-flow\">\n<table style=\"height: 242px; width: 100.095%; border-style: none;\">\n<tbody>\n<tr style=\"height: 26px;\">\n<th style=\"width: 98.9556%; border-style: none; background-color: #aadffa; text-align: left; height: 26px;\" colspan=\"2\">Hasa t\u00e4n\u00e4\u00e4n<\/th>\n<\/tr>\n<tr style=\"height: 26px;\">\n<th style=\"width: 57.7024%; border-style: none; text-align: left; height: 26px;\">Rinteet<\/th>\n<th style=\"width: 41.2532%; border-style: none; text-align: left; height: 26px;\">3\/5<\/th>\n<\/tr>\n<tr style=\"height: 26px;\">\n<th style=\"width: 57.7024%; border-style: none; text-align: left; height: 34px;\">Hissi<\/th>\n<th style=\"width: 41.2532%; border-style: none; text-align: left; height: 34px;\">2\/2<\/th>\n<\/tr>\n<tr style=\"height: 26px;\">\n<th style=\"width: 98.9556%; border-style: none; background-color: #aadffa; text-align: left; height: 26px;\" colspan=\"2\">Lumetustilanne<\/th>\n<\/tr>\n<tr style=\"height: 26px;\">\n<th style=\"width: 57.7024%; border-style: none; text-align: left; height: 26px;\">Tuisku-Jaakko<\/th>\n<th style=\"width: 41.2532%; border-style: none; text-align: left; height: 26px;\">&#8211;<\/th>\n<\/tr>\n<tr style=\"height: 26px;\">\n<th style=\"width: 57.7024%; border-style: none; text-align: left; height: 26px;\">Myr\u00e4kk\u00e4-Antti<\/th>\n<th style=\"width: 41.2532%; border-style: none; text-align: left; height: 26px;\">100 %<\/th>\n<\/tr>\n<tr style=\"height: 26px;\">\n<th style=\"width: 57.7024%; border-style: none; text-align: left; height: 26px;\">Pyry-Seppo<\/th>\n<th style=\"width: 41.2532%; border-style: none; text-align: left; height: 26px;\">100 %<\/th>\n<\/tr>\n<tr style=\"height: 26px;\">\n<th style=\"width: 57.7024%; border-style: none; text-align: left; height: 26px;\">Jorman m\u00e4ki<\/th>\n<th style=\"width: 41.2532%; border-style: none; text-align: left; height: 26px;\">&#8211;<\/th>\n<\/tr>\n<tr style=\"height: 26px;\">\n<th style=\"width: 57.7024%; border-style: none; text-align: left; height: 26px;\">Harjoittelurinne<\/th>\n<th style=\"width: 41.2532%; border-style: none; text-align: left; height: 26px;\">100 %<\/th>\n<\/tr>\n<\/tbody>\n<\/table>\n<\/div>\n<\/div>\n\n\n\n<div class=\"wp-block-cover is-light\" style=\"min-height:94px;aspect-ratio:unset;\"><span aria-hidden=\"true\" class=\"wp-block-cover__background has-pale-cyan-blue-background-color has-background-dim-100 has-background-dim\"><\/span><div class=\"wp-block-cover__inner-container has-global-padding is-layout-constrained wp-block-cover-is-layout-constrained\">\n<section class=\"elementor-section elementor-top-section elementor-element elementor-element-7853f29f elementor-section-boxed elementor-section-height-default elementor-section-height-default\" data-id=\"7853f29f\" data-element_type=\"section\">\n<div class=\"elementor-container elementor-column-gap-default\">\n<div class=\"elementor-column elementor-col-100 elementor-top-column elementor-element elementor-element-13f8a1cb\" data-id=\"13f8a1cb\" data-element_type=\"column\">\n<div class=\"elementor-widget-wrap elementor-element-populated\">\n<section class=\"elementor-section elementor-inner-section elementor-element elementor-element-9e48530 elementor-section-boxed elementor-section-height-default elementor-section-height-default\" data-id=\"9e48530\" data-element_type=\"section\">\n<div class=\"elementor-container elementor-column-gap-default\">\n<div class=\"elementor-column elementor-col-33 elementor-inner-column elementor-element elementor-element-25a8ae1\" data-id=\"25a8ae1\" data-element_type=\"column\">\n<div class=\"elementor-widget-wrap elementor-element-populated\">\n<div class=\"elementor-element elementor-element-25f2859 elementor-widget elementor-widget-text-editor\" data-id=\"25f2859\" data-element_type=\"widget\" data-widget_type=\"text-editor.default\">\n<div class=\"elementor-widget-container\">\n<p class=\"p1\"><strong>Meille k\u00e4y k\u00e4teisen ja yleisimpien maksukorttien lis\u00e4ksi Smartum, Edenred ja Epassi.<\/strong><\/p>\n<\/div>\n<\/div>\n<\/div>\n<\/div>\n<\/div>\n<\/section>\n<\/div>\n<\/div>\n<\/div>\n<\/section>\n<\/div><\/div>\n\n\n\n<figure class=\"wp-block-image size-large\"><img loading=\"lazy\" decoding=\"async\" width=\"1024\" height=\"427\" src=\"https:\/\/www.hasamaki.fi\/wp-content\/uploads\/2026\/02\/Hasa-ruoka-1920x200-1-1024x427.png\" alt=\"\" class=\"wp-image-1073\" srcset=\"https:\/\/www.hasamaki.fi\/wp-content\/uploads\/2026\/02\/Hasa-ruoka-1920x200-1-1024x427.png 1024w, https:\/\/www.hasamaki.fi\/wp-content\/uploads\/2026\/02\/Hasa-ruoka-1920x200-1-300x125.png 300w, https:\/\/www.hasamaki.fi\/wp-content\/uploads\/2026\/02\/Hasa-ruoka-1920x200-1-768x320.png 768w, https:\/\/www.hasamaki.fi\/wp-content\/uploads\/2026\/02\/Hasa-ruoka-1920x200-1-1536x640.png 1536w, https:\/\/www.hasamaki.fi\/wp-content\/uploads\/2026\/02\/Hasa-ruoka-1920x200-1-1000x417.png 1000w, https:\/\/www.hasamaki.fi\/wp-content\/uploads\/2026\/02\/Hasa-ruoka-1920x200-1-230x96.png 230w, https:\/\/www.hasamaki.fi\/wp-content\/uploads\/2026\/02\/Hasa-ruoka-1920x200-1-350x146.png 350w, https:\/\/www.hasamaki.fi\/wp-content\/uploads\/2026\/02\/Hasa-ruoka-1920x200-1-480x200.png 480w, https:\/\/www.hasamaki.fi\/wp-content\/uploads\/2026\/02\/Hasa-ruoka-1920x200-1.png 1920w\" sizes=\"auto, (max-width: 1024px) 100vw, 1024px\" \/><\/figure>\n\n\n\n<h3>Hyv\u00e4\u00e4 palvelua, maukasta ruokaa ja juomia joka makuun<\/h3>\n<p>Me Hasalla haluamme palvella sinua, jotta voit viett\u00e4\u00e4 rinteess\u00e4 vaikka koko p\u00e4iv\u00e4n.<\/p>\n<p>Voit tehd\u00e4 hankintoja, vuokrata v\u00e4lineit\u00e4 ja huollattaa lasketteluv\u00e4lineesi ammattilaisilla. Hiihtokoulu opastaa aloittelijat laskettelun saloihin ja antaa vinkkej\u00e4 edistyneillekin.<\/p>\n<p>Mukavan rinnep\u00e4iv\u00e4n kruunaa mehev\u00e4t hampurilaiset ja vastapaistetut pizzat &#8211; juuri sopivaa energiaa laskujen v\u00e4liin, niin ja tietenkin suositut munkkimme.<br>Viihdyt varmasti Hasalla!<\/p>\n<ul>\n<li>Rinneravintola<\/li>\n<li>V\u00e4linevuokraamo<\/li>\n<li>Suksihuolto<\/li>\n<li>Skishop<\/li>\n<li>Hiihtokoulu<\/li>\n<\/ul>\n\n\n\n<figure class=\"wp-block-embed is-type-video is-provider-youtube wp-block-embed-youtube wp-embed-aspect-16-9 wp-has-aspect-ratio\"><div class=\"wp-block-embed__wrapper\">\n<iframe loading=\"lazy\" title=\"Hasama\u0308ki action\" width=\"1170\" height=\"658\" src=\"https:\/\/www.youtube.com\/embed\/ipVvXNpInWc?feature=oembed\" frameborder=\"0\" allow=\"accelerometer; autoplay; clipboard-write; encrypted-media; gyroscope; picture-in-picture; web-share\" referrerpolicy=\"strict-origin-when-cross-origin\" allowfullscreen><\/iframe>\n<\/div><\/figure>\n\n\n\n<div class=\"wp-block-cover is-light\" style=\"min-height:130px;aspect-ratio:unset;\"><span aria-hidden=\"true\" class=\"wp-block-cover__background has-pale-cyan-blue-background-color has-background-dim-100 has-background-dim\"><\/span><div class=\"wp-block-cover__inner-container has-global-padding is-layout-constrained wp-block-cover-is-layout-constrained\">\n<h3 class=\"wp-block-heading\">Lasketteluopetus:<\/h3>\n\n\n\n<p>Tunnit toteutuvat etuk\u00e4teisvarauksien mukaan. Varaukset: HASA Juva Ski Resort.<\/p>\n\n\n\n<p>Hinnat: 1h 35\u20ac\/hl\u00f6 + 15\u20ac lis\u00e4henkil\u00f6 (perheenj\u00e4sen) 2h 60\u20ac\/hl\u00f6 + 20\u20ac lis\u00e4henkil\u00f6 (perheenj\u00e4sen).<\/p>\n<\/div><\/div>\n\n\n\n\n\n<h3 class=\"wp-block-heading\">Hasa on upea kokousten ja tilaisuuksien pitopaikka<\/h3>\n\n\n\n<p>Rinteet vuokrattavissa yrityksille ja ryhmille ruokailupalveluineen. Meill\u00e4 onnistuvat my\u00f6s kokoukset, illanistujaiset, pikkujoulut, ym.<br>Kysy lis\u00e4\u00e4!<\/p>\n\n\n\n<section class=\"elementor-section elementor-top-section elementor-element elementor-element-02e7b7b elementor-section-boxed elementor-section-height-default elementor-section-height-default\" data-id=\"02e7b7b\" data-element_type=\"section\">\n<div class=\"elementor-container elementor-column-gap-default\">\n<div class=\"elementor-column elementor-col-100 elementor-top-column elementor-element elementor-element-a14134d\" data-id=\"a14134d\" data-element_type=\"column\">\n<div class=\"elementor-widget-wrap elementor-element-populated\">\n<div class=\"elementor-element elementor-element-afd9441 elementor-widget elementor-widget-text-editor\" data-id=\"afd9441\" data-element_type=\"widget\" data-widget_type=\"text-editor.default\">\n<div class=\"elementor-widget-container\">\n<p><img loading=\"lazy\" decoding=\"async\" class=\"alignnone size-full wp-image-588\" src=\"https:\/\/www.hasamaki.fi\/wp-content\/uploads\/2021\/02\/fatbike1.jpg\" alt=\"\" width=\"1600\" height=\"757\" srcset=\"https:\/\/www.hasamaki.fi\/wp-content\/uploads\/2021\/02\/fatbike1.jpg 1600w, https:\/\/www.hasamaki.fi\/wp-content\/uploads\/2021\/02\/fatbike1-300x142.jpg 300w, https:\/\/www.hasamaki.fi\/wp-content\/uploads\/2021\/02\/fatbike1-1024x484.jpg 1024w, https:\/\/www.hasamaki.fi\/wp-content\/uploads\/2021\/02\/fatbike1-768x363.jpg 768w, https:\/\/www.hasamaki.fi\/wp-content\/uploads\/2021\/02\/fatbike1-1536x727.jpg 1536w, https:\/\/www.hasamaki.fi\/wp-content\/uploads\/2021\/02\/fatbike1-830x393.jpg 830w, https:\/\/www.hasamaki.fi\/wp-content\/uploads\/2021\/02\/fatbike1-230x109.jpg 230w, https:\/\/www.hasamaki.fi\/wp-content\/uploads\/2021\/02\/fatbike1-350x166.jpg 350w, https:\/\/www.hasamaki.fi\/wp-content\/uploads\/2021\/02\/fatbike1-480x227.jpg 480w\" sizes=\"auto, (max-width: 1600px) 100vw, 1600px\" \/>Talvipy\u00f6r\u00e4ilyreitti Hasa- Juva\u00a0 &gt;\u00a0<a href=\"https:\/\/www.hasamaki.fi\/index.php\/2021\/02\/12\/talvipyorailyreitti-hasa-juva-avattu\/\">Lue lis\u00e4\u00e4<\/a>.<\/p>\n<\/div>\n<\/div>\n<\/div>\n<\/div>\n<\/div>\n<\/section>\n<section class=\"elementor-section elementor-top-section elementor-element elementor-element-8659488 elementor-section-boxed elementor-section-height-default elementor-section-height-default\" data-id=\"8659488\" data-element_type=\"section\">\n<div class=\"elementor-container elementor-column-gap-default\">\n<div class=\"elementor-column elementor-col-100 elementor-top-column elementor-element elementor-element-a0caa8e\" data-id=\"a0caa8e\" data-element_type=\"column\">\n<div class=\"elementor-widget-wrap elementor-element-populated\">\n<div class=\"elementor-element elementor-element-6eaeb64 elementor-widget elementor-widget-text-editor\" data-id=\"6eaeb64\" data-element_type=\"widget\" data-widget_type=\"text-editor.default\">\n<div class=\"elementor-widget-container\">\n<h4>Seu\u00adraa il\u00admoit\u00adteluamme ja vieraile net\u00adti\u00adsi\u00advuil\u00adlam\u00adme sek\u00e4\u00a0<a href=\"https:\/\/www.facebook.com\/hasamaki\/\" target=\"_blank\" rel=\"noopener\">Facebookissa<\/a>\u00a0ja <a href=\"https:\/\/www.instagram.com\/hasaskiresort\/\" target=\"_blank\" rel=\"noopener\">Instagramissa<\/a>.<\/h4>\n<\/div>\n<\/div>\n<\/div>\n<\/div>\n<\/div>\n<\/section>\n","protected":false},"excerpt":{"rendered":"<p>Hasalla rinteisiin on panostettu niin, ett\u00e4 laskettelun ja talviharrastusten riemua riitt\u00e4\u00e4 jokaiseen makuun aina pitk\u00e4lle kev\u00e4\u00e4seen. Hasalla sinulla on k\u00e4yt\u00f6ss\u00e4si toistaiseksi 3 [&hellip;]<\/p>\n","protected":false},"author":2,"featured_media":0,"parent":0,"menu_order":0,"comment_status":"closed","ping_status":"closed","template":"","meta":{"footnotes":""},"class_list":["post-984","page","type-page","status-publish","hentry"],"_links":{"self":[{"href":"https:\/\/www.hasamaki.fi\/index.php\/wp-json\/wp\/v2\/pages\/984","targetHints":{"allow":["GET"]}}],"collection":[{"href":"https:\/\/www.hasamaki.fi\/index.php\/wp-json\/wp\/v2\/pages"}],"about":[{"href":"https:\/\/www.hasamaki.fi\/index.php\/wp-json\/wp\/v2\/types\/page"}],"author":[{"embeddable":true,"href":"https:\/\/www.hasamaki.fi\/index.php\/wp-json\/wp\/v2\/users\/2"}],"replies":[{"embeddable":true,"href":"https:\/\/www.hasamaki.fi\/index.php\/wp-json\/wp\/v2\/comments?post=984"}],"version-history":[{"count":45,"href":"https:\/\/www.hasamaki.fi\/index.php\/wp-json\/wp\/v2\/pages\/984\/revisions"}],"predecessor-version":[{"id":1084,"href":"https:\/\/www.hasamaki.fi\/index.php\/wp-json\/wp\/v2\/pages\/984\/revisions\/1084"}],"wp:attachment":[{"href":"https:\/\/www.hasamaki.fi\/index.php\/wp-json\/wp\/v2\/media?parent=984"}],"curies":[{"name":"wp","href":"https:\/\/api.w.org\/{rel}","templated":true}]}}