{"id":972,"date":"2025-01-20T09:54:47","date_gmt":"2025-01-20T07:54:47","guid":{"rendered":"https:\/\/www.hasamaki.fi\/?page_id=972"},"modified":"2025-01-20T09:54:50","modified_gmt":"2025-01-20T07:54:50","slug":"hasa-palvelee","status":"publish","type":"page","link":"https:\/\/www.hasamaki.fi\/index.php\/hasa-palvelee\/","title":{"rendered":"Hasa palvelee"},"content":{"rendered":"\n<h2 class=\"wp-block-heading has-white-color has-vivid-cyan-blue-background-color has-text-color has-background has-link-color wp-elements-c4d2e9a6a9a15ad504cf7dfbfb040f4b\">Rinneravintola<\/h2>\n\n\n\n<p><img loading=\"lazy\" decoding=\"async\" class=\"alignnone size-full wp-image-973\" src=\"https:\/\/www.hasamaki.fi\/wp-content\/uploads\/2025\/01\/ruoka-annos2.jpg\" alt=\"\" width=\"1920\" height=\"800\" srcset=\"https:\/\/www.hasamaki.fi\/wp-content\/uploads\/2025\/01\/ruoka-annos2.jpg 1920w, https:\/\/www.hasamaki.fi\/wp-content\/uploads\/2025\/01\/ruoka-annos2-300x125.jpg 300w, https:\/\/www.hasamaki.fi\/wp-content\/uploads\/2025\/01\/ruoka-annos2-1024x427.jpg 1024w, https:\/\/www.hasamaki.fi\/wp-content\/uploads\/2025\/01\/ruoka-annos2-768x320.jpg 768w, https:\/\/www.hasamaki.fi\/wp-content\/uploads\/2025\/01\/ruoka-annos2-1536x640.jpg 1536w, https:\/\/www.hasamaki.fi\/wp-content\/uploads\/2025\/01\/ruoka-annos2-1000x417.jpg 1000w, https:\/\/www.hasamaki.fi\/wp-content\/uploads\/2025\/01\/ruoka-annos2-230x96.jpg 230w, https:\/\/www.hasamaki.fi\/wp-content\/uploads\/2025\/01\/ruoka-annos2-350x146.jpg 350w, https:\/\/www.hasamaki.fi\/wp-content\/uploads\/2025\/01\/ruoka-annos2-480x200.jpg 480w\" sizes=\"auto, (max-width: 1920px) 100vw, 1920px\" \/><\/p>\n\n\n\n<p>Mukavan rinnep\u00e4iv\u00e4n kruunaa maistuva v\u00e4lipala tai kunnon tuhti ruoka-annos ruokajuomineen rinneravintolassamme. <a href=\"https:\/\/www.hasamaki.fi\/index.php\/rinneravintola\/\" data-type=\"page\" data-id=\"969\">Lue lis\u00e4\u00e4<\/a><\/p>\n\n\n\n<h2 class=\"wp-block-heading has-white-color has-vivid-cyan-blue-background-color has-text-color has-background has-link-color wp-elements-ba9048f9bd2beae5e5ce23a46b915a63\">Vuokraamo<\/h2>\n\n\n\n<p><img loading=\"lazy\" decoding=\"async\" class=\"alignnone size-full wp-image-974\" src=\"https:\/\/www.hasamaki.fi\/wp-content\/uploads\/2025\/01\/sukset-ja-laudat2.jpg\" alt=\"\" width=\"1920\" height=\"800\" srcset=\"https:\/\/www.hasamaki.fi\/wp-content\/uploads\/2025\/01\/sukset-ja-laudat2.jpg 1920w, https:\/\/www.hasamaki.fi\/wp-content\/uploads\/2025\/01\/sukset-ja-laudat2-300x125.jpg 300w, https:\/\/www.hasamaki.fi\/wp-content\/uploads\/2025\/01\/sukset-ja-laudat2-1024x427.jpg 1024w, https:\/\/www.hasamaki.fi\/wp-content\/uploads\/2025\/01\/sukset-ja-laudat2-768x320.jpg 768w, https:\/\/www.hasamaki.fi\/wp-content\/uploads\/2025\/01\/sukset-ja-laudat2-1536x640.jpg 1536w, https:\/\/www.hasamaki.fi\/wp-content\/uploads\/2025\/01\/sukset-ja-laudat2-1000x417.jpg 1000w, https:\/\/www.hasamaki.fi\/wp-content\/uploads\/2025\/01\/sukset-ja-laudat2-230x96.jpg 230w, https:\/\/www.hasamaki.fi\/wp-content\/uploads\/2025\/01\/sukset-ja-laudat2-350x146.jpg 350w, https:\/\/www.hasamaki.fi\/wp-content\/uploads\/2025\/01\/sukset-ja-laudat2-480x200.jpg 480w\" sizes=\"auto, (max-width: 1920px) 100vw, 1920px\" \/><\/p>\n\n\n\n<p>Vuokraamossamme on hyv\u00e4kuntoisia lasketteluv\u00e4lineit\u00e4 niin lapsille kuin aikuisille. V\u00e4lineit\u00e4 on reilusti, isommallekin ryhm\u00e4lle. <a href=\"https:\/\/www.hasamaki.fi\/index.php\/vuokraamo\/\" data-type=\"page\" data-id=\"946\">Lue lis\u00e4\u00e4<\/a><\/p>\n\n\n\n<h2 class=\"wp-block-heading has-white-color has-vivid-cyan-blue-background-color has-text-color has-background has-link-color wp-elements-4d1ff9da33985e0d2a7e35d6e1d454ff\">Suksihuolto<\/h2>\n\n\n\n<p><img loading=\"lazy\" decoding=\"async\" class=\"alignnone size-full wp-image-975\" src=\"https:\/\/www.hasamaki.fi\/wp-content\/uploads\/2025\/01\/Hasa-suksihuolto2.jpg\" alt=\"\" width=\"1920\" height=\"800\" srcset=\"https:\/\/www.hasamaki.fi\/wp-content\/uploads\/2025\/01\/Hasa-suksihuolto2.jpg 1920w, https:\/\/www.hasamaki.fi\/wp-content\/uploads\/2025\/01\/Hasa-suksihuolto2-300x125.jpg 300w, https:\/\/www.hasamaki.fi\/wp-content\/uploads\/2025\/01\/Hasa-suksihuolto2-1024x427.jpg 1024w, https:\/\/www.hasamaki.fi\/wp-content\/uploads\/2025\/01\/Hasa-suksihuolto2-768x320.jpg 768w, https:\/\/www.hasamaki.fi\/wp-content\/uploads\/2025\/01\/Hasa-suksihuolto2-1536x640.jpg 1536w, https:\/\/www.hasamaki.fi\/wp-content\/uploads\/2025\/01\/Hasa-suksihuolto2-1000x417.jpg 1000w, https:\/\/www.hasamaki.fi\/wp-content\/uploads\/2025\/01\/Hasa-suksihuolto2-230x96.jpg 230w, https:\/\/www.hasamaki.fi\/wp-content\/uploads\/2025\/01\/Hasa-suksihuolto2-350x146.jpg 350w, https:\/\/www.hasamaki.fi\/wp-content\/uploads\/2025\/01\/Hasa-suksihuolto2-480x200.jpg 480w\" sizes=\"auto, (max-width: 1920px) 100vw, 1920px\" \/><\/p>\n\n\n\n<p>Asiantunteva henkil\u00f6kuntamme palvelee sinua kaikissa lasketteluv\u00e4lineitten huoltoon ja kunnostamiseen liittyviss\u00e4 asioissa! <a href=\"https:\/\/www.hasamaki.fi\/index.php\/suksihuolto\/\" data-type=\"page\" data-id=\"966\">Lue lis\u00e4\u00e4<\/a><\/p>\n\n\n\n<h2 class=\"wp-block-heading has-white-color has-vivid-cyan-blue-background-color has-text-color has-background has-link-color wp-elements-c74fae71ebf5c39703ac44f2a299c65e\">SkiShop<\/h2>\n\n\n\n<p><img loading=\"lazy\" decoding=\"async\" class=\"alignnone size-full wp-image-976\" src=\"https:\/\/www.hasamaki.fi\/wp-content\/uploads\/2025\/01\/Hasa-suksia2.jpg\" alt=\"\" width=\"1920\" height=\"800\" srcset=\"https:\/\/www.hasamaki.fi\/wp-content\/uploads\/2025\/01\/Hasa-suksia2.jpg 1920w, https:\/\/www.hasamaki.fi\/wp-content\/uploads\/2025\/01\/Hasa-suksia2-300x125.jpg 300w, https:\/\/www.hasamaki.fi\/wp-content\/uploads\/2025\/01\/Hasa-suksia2-1024x427.jpg 1024w, https:\/\/www.hasamaki.fi\/wp-content\/uploads\/2025\/01\/Hasa-suksia2-768x320.jpg 768w, https:\/\/www.hasamaki.fi\/wp-content\/uploads\/2025\/01\/Hasa-suksia2-1536x640.jpg 1536w, https:\/\/www.hasamaki.fi\/wp-content\/uploads\/2025\/01\/Hasa-suksia2-1000x417.jpg 1000w, https:\/\/www.hasamaki.fi\/wp-content\/uploads\/2025\/01\/Hasa-suksia2-230x96.jpg 230w, https:\/\/www.hasamaki.fi\/wp-content\/uploads\/2025\/01\/Hasa-suksia2-350x146.jpg 350w, https:\/\/www.hasamaki.fi\/wp-content\/uploads\/2025\/01\/Hasa-suksia2-480x200.jpg 480w\" sizes=\"auto, (max-width: 1920px) 100vw, 1920px\" \/><\/p>\n\n\n\n<p>SkiShopissa on myynniss\u00e4 lasketteluv\u00e4lineit\u00e4. Lis\u00e4ksi myym\u00e4l\u00e4ss\u00e4 on pipoja, hanskoja sek\u00e4 muita tarvikkeita. <a href=\"https:\/\/www.hasamaki.fi\/index.php\/skishop\/\" data-type=\"page\" data-id=\"963\">Lue lis\u00e4\u00e4<\/a><\/p>\n\n\n\n<h2 class=\"wp-block-heading has-white-color has-vivid-cyan-blue-background-color has-text-color has-background has-link-color wp-elements-b1200ed3218f57af559c03477d592f2b\">Ryhmille<\/h2>\n\n\n\n<p><img loading=\"lazy\" decoding=\"async\" class=\"alignnone size-full wp-image-977\" src=\"https:\/\/www.hasamaki.fi\/wp-content\/uploads\/2025\/01\/ryhmille2.jpg\" alt=\"\" width=\"1920\" height=\"800\" srcset=\"https:\/\/www.hasamaki.fi\/wp-content\/uploads\/2025\/01\/ryhmille2.jpg 1920w, https:\/\/www.hasamaki.fi\/wp-content\/uploads\/2025\/01\/ryhmille2-300x125.jpg 300w, https:\/\/www.hasamaki.fi\/wp-content\/uploads\/2025\/01\/ryhmille2-1024x427.jpg 1024w, https:\/\/www.hasamaki.fi\/wp-content\/uploads\/2025\/01\/ryhmille2-768x320.jpg 768w, https:\/\/www.hasamaki.fi\/wp-content\/uploads\/2025\/01\/ryhmille2-1536x640.jpg 1536w, https:\/\/www.hasamaki.fi\/wp-content\/uploads\/2025\/01\/ryhmille2-1000x417.jpg 1000w, https:\/\/www.hasamaki.fi\/wp-content\/uploads\/2025\/01\/ryhmille2-230x96.jpg 230w, https:\/\/www.hasamaki.fi\/wp-content\/uploads\/2025\/01\/ryhmille2-350x146.jpg 350w, https:\/\/www.hasamaki.fi\/wp-content\/uploads\/2025\/01\/ryhmille2-480x200.jpg 480w\" sizes=\"auto, (max-width: 1920px) 100vw, 1920px\" \/><\/p>\n\n\n\n<p>Hasa soveltuu mainiosti kokousten, vapaamuotoisten illanistujaisten, pikkujoulujen kuin ulkoilup\u00e4ivienkin pitopaikaksi. <a href=\"https:\/\/www.hasamaki.fi\/index.php\/ryhmille\/\" data-type=\"page\" data-id=\"956\">Lue lis\u00e4\u00e4<\/a><\/p>\n\n\n\n<h2 class=\"wp-block-heading has-white-color has-vivid-cyan-blue-background-color has-text-color has-background has-link-color wp-elements-b8e63e02823a1bac0b82904f96c1f7db\">Majoitus<\/h2>\n\n\n\n<p><img loading=\"lazy\" decoding=\"async\" class=\"alignnone size-full wp-image-978\" src=\"https:\/\/www.hasamaki.fi\/wp-content\/uploads\/2025\/01\/majoitus2.jpg\" alt=\"\" width=\"1920\" height=\"800\" srcset=\"https:\/\/www.hasamaki.fi\/wp-content\/uploads\/2025\/01\/majoitus2.jpg 1920w, https:\/\/www.hasamaki.fi\/wp-content\/uploads\/2025\/01\/majoitus2-300x125.jpg 300w, https:\/\/www.hasamaki.fi\/wp-content\/uploads\/2025\/01\/majoitus2-1024x427.jpg 1024w, https:\/\/www.hasamaki.fi\/wp-content\/uploads\/2025\/01\/majoitus2-768x320.jpg 768w, https:\/\/www.hasamaki.fi\/wp-content\/uploads\/2025\/01\/majoitus2-1536x640.jpg 1536w, https:\/\/www.hasamaki.fi\/wp-content\/uploads\/2025\/01\/majoitus2-1000x417.jpg 1000w, https:\/\/www.hasamaki.fi\/wp-content\/uploads\/2025\/01\/majoitus2-230x96.jpg 230w, https:\/\/www.hasamaki.fi\/wp-content\/uploads\/2025\/01\/majoitus2-350x146.jpg 350w, https:\/\/www.hasamaki.fi\/wp-content\/uploads\/2025\/01\/majoitus2-480x200.jpg 480w\" sizes=\"auto, (max-width: 1920px) 100vw, 1920px\" \/><\/p>\n\n\n\n<p>Hasan loistavien ulkoilumaastojen l\u00e4heisyydess\u00e4 sijaitsee korkeatasoisia majoituspaikkoja. <a href=\"https:\/\/www.hasamaki.fi\/index.php\/majoitusmahdollisuuksia\/\" data-type=\"page\" data-id=\"123\">Lue lis\u00e4\u00e4<\/a><\/p>\n\n\n","protected":false},"excerpt":{"rendered":"<p>Rinneravintola Mukavan rinnep\u00e4iv\u00e4n kruunaa maistuva v\u00e4lipala tai kunnon tuhti ruoka-annos ruokajuomineen rinneravintolassamme. Lue lis\u00e4\u00e4 Vuokraamo Vuokraamossamme on hyv\u00e4kuntoisia lasketteluv\u00e4lineit\u00e4 niin lapsille kuin [&hellip;]<\/p>\n","protected":false},"author":2,"featured_media":0,"parent":0,"menu_order":0,"comment_status":"closed","ping_status":"closed","template":"","meta":{"footnotes":""},"class_list":["post-972","page","type-page","status-publish","hentry"],"_links":{"self":[{"href":"https:\/\/www.hasamaki.fi\/index.php\/wp-json\/wp\/v2\/pages\/972","targetHints":{"allow":["GET"]}}],"collection":[{"href":"https:\/\/www.hasamaki.fi\/index.php\/wp-json\/wp\/v2\/pages"}],"about":[{"href":"https:\/\/www.hasamaki.fi\/index.php\/wp-json\/wp\/v2\/types\/page"}],"author":[{"embeddable":true,"href":"https:\/\/www.hasamaki.fi\/index.php\/wp-json\/wp\/v2\/users\/2"}],"replies":[{"embeddable":true,"href":"https:\/\/www.hasamaki.fi\/index.php\/wp-json\/wp\/v2\/comments?post=972"}],"version-history":[{"count":2,"href":"https:\/\/www.hasamaki.fi\/index.php\/wp-json\/wp\/v2\/pages\/972\/revisions"}],"predecessor-version":[{"id":980,"href":"https:\/\/www.hasamaki.fi\/index.php\/wp-json\/wp\/v2\/pages\/972\/revisions\/980"}],"wp:attachment":[{"href":"https:\/\/www.hasamaki.fi\/index.php\/wp-json\/wp\/v2\/media?parent=972"}],"curies":[{"name":"wp","href":"https:\/\/api.w.org\/{rel}","templated":true}]}}